34, -c = -v*d - 358. What is the hundreds digit of c?
3
Let b(x) = 6*x + 97. Let z be b(26). Let s = 296 - z. What is the tens digit of s?
4
Suppose 4*k - 3*k = 2. Suppose 82 = -4*h + k*n, 12 + 17 = -2*h - 3*n. Let f = h - -44. What is the tens digit of f?
2
Let d be 2/6*-1 + 7432/(-24). Let h = 162 + d. Let u = h + 287. What is the tens digit of u?
3
Suppose 33*n = 22*n. Suppose n = -33*i + 32*i + 1610. What is the tens digit of i?
1
Suppose 5*q - 3 = -3*t + 13, -12 = -4*q - 2*t. What is the hundreds digit of (0/(-34) - q/2)*-1726?
7
Let g(k) = k**2 + k - 4. Let w be g(2). Suppose -2*p + 32 = -w*v, 14 = 4*p + 4*v - 10. Suppose -7*m - 388 = -p*m. What is the units digit of m?
7
Suppose u = -5*s + 1917, u - 3*s + 323 = 2280. Suppose 4*m - 1683 = -5*q + 927, -3*m + 4*q + u = 0. What is the tens digit of m?
5
Let p(o) = 15*o**2 + 9*o - 3. Let k be p(-3). Suppose 5*g - 1260 = k. What is the hundreds digit of g?
2
Let y = 17 + -15. Let u(q) = 3*q - 4*q**y + 18 - 16 - 40 + 8*q**2. What is the hundreds digit of u(6)?
1
Let a = -4251 + 18429. What is the thousands digit of a?
4
What is the ten thousands digit of 234/(6 + (-4920)/822)?
1
Suppose 0 = -5*t + 10 + 230. Suppose -4*g + 3*m + t = 0, -3*m = g - 3 + 6. Suppose 0 = -4*h + g*h - 750. What is the units digit of h?
0
Let w = -99 + -12. What is the units digit of w/(-2)*(-380)/(-57)?
0
Suppose 449 = 6*t - 19. Let b = t - -261. What is the units digit of b?
9
Let f be (7/(-3) - -2)/(3/(-18)). Suppose z - 32 = -5*y, 2*y - 13 - 59 = -f*z. Let p = -18 + z. What is the tens digit of p?
1
Let j = -3766 + 5567. What is the units digit of j?
1
Suppose -36*t - 39*t + 30850 = -25*t. What is the units digit of t?
7
Suppose -14921 = -x - w, -372*x = -369*x - 3*w - 44733. What is the thousands digit of x?
4
Let i(p) = 2*p + 64. Let n be i(-12). Suppose 12*m - n = 2*m. Suppose 166 + 294 = m*z. What is the tens digit of z?
1
Let a = -4986 - -13913. What is the units digit of a?
7
Suppose 1 = -3*f - 0*v - v, -5*v = 2*f - 21. What is the tens digit of (0 - f) + -16 + 120?
0
Let n(f) = -8*f**2 - 63*f - 3*f**3 - 20 + 83*f - 43*f. What is the tens digit of n(-6)?
7
Suppose 5*r + 2*a - 19 = 0, -5*a + 2 = 5*r - 23. Suppose -2*f + 3*g = -r*f + 88, 4*f + 2*g = 312. What is the units digit of f?
6
Let k(d) = -5*d + 54. Let w be k(11). What is the units digit of (-38686)/(-87) + ((-1)/3)/w?
5
Let c be (-24)/(-32) - 35/(-28). Suppose -c*w + 30*p = 25*p - 589, -p - 1151 = -4*w. What is the units digit of w?
7
Let i = -750 - -2742. Suppose -44*g + 38*g = -i. What is the units digit of g?
2
Let u(y) = -y**3 - 3*y**2 + 11*y + 8. Let w(h) = h**3 + 2*h**2 - 12*h - 8. Let m(k) = 5*u(k) + 4*w(k). What is the units digit of m(-10)?
8
Let z = -322 - -321. What is the units digit of (-3 - z)*(-10256)/32?
1
Let r be -5 + -3 + (-18)/(-3) + 0. What is the units digit of -88*(r + 6 - 17)?
4
Suppose -2*d + 4 = 0, 2*r - d + 5*d = -2. What is the tens digit of (16/3)/((-2614)/(-522) + r)?
9
Suppose 5*i + 5*d = 12660, -29*i + 27*i + 4*d = -5100. What is the tens digit of i?
3
Let f = -127 + 127. Suppose f = k - 2765 + 1036. Suppose 16*u - 23*u = -k. What is the tens digit of u?
4
Let y(d) = d**2 + 8*d + 9. Let x = -69 - -62. Let p be y(x). Suppose -p*s - 3*v + 369 = 0, v + 329 = 2*s - 36. What is the tens digit of s?
8
Let n be (-1 + 7 + 0)/(30/20). Let s be (-2 - -3 - n) + -5. What is the hundreds digit of (-1206)/s - (-8)/32?
1
Let l(t) = 560*t - 62. Let r(z) = -140*z + 15. Let g(u) = 2*l(u) + 9*r(u). What is the hundreds digit of g(-3)?
4
Let l(p) = -p**3 - 26*p**2 + p + 38. Let d be l(-26). Suppose 678 = -d*r + 14*r. What is the units digit of r?
9
Let q(h) = -5656*h + 45. Let m be q(-5). Suppose 6654 = -13*x + m. What is the tens digit of x?
6
Let x = 91 - 98. Let l(g) = -6*g**3 - 3*g**2 - 3*g - 4. Let r be l(x). What is the hundreds digit of ((-1)/(-2 + 3))/((-8)/r)?
2
Let o be (-1704)/(-9)*3/2. Suppose -6*p - 1025 = -317. Let f = o + p. What is the tens digit of f?
6
Let t(z) = 7*z - 38. Let h be t(6). Suppose -5*d - 26 = -h*b, 2*d - 11 = -4*b + 1. Let x(i) = 2*i**3 - 7*i**2 + 3*i + 7. What is the tens digit of x(b)?
3
Let j = -148 - -153. Suppose -318 = -4*m - j*z, m + m = -z + 156. What is the tens digit of m?
7
Let t(h) = 3*h**2 + 4*h - 15. Let r(l) = -l**2 + 15*l - 29. Let c be r(9). Suppose 5*m - 2*m + c = -2*n, 3*n = -2*m - 30. What is the units digit of t(n)?
5
Let c = -228 + 842. Let h = 247 + c. What is the tens digit of h?
6
Let t(n) = 37*n**2 + 28*n + 210. What is the hundreds digit of t(-6)?
3
Let n(p) = -25 - 280*p + 13 + 16. What is the tens digit of n(-1)?
8
Let f = 94 - -92. Suppose 585 = n - 10*n. Let t = n + f. What is the tens digit of t?
2
Let i be (-124)/217*553/2. Let g = -156 - i. What is the units digit of g?
2
Suppose -5*g + 5 = 0, -k = -0*k + 4*g - 627. Suppose -6*d - 3*x + k = -5*d, -5*x = 3*d - 1853. What is the hundreds digit of d?
6
Let t = 241 + -239. Suppose -f - t*b - 2*b + 212 = 0, -4*f + 913 = 3*b. What is the hundreds digit of f?
2
Suppose -19*o - 40 = -23*o. Suppose o*p = 3*p. Suppose p = 5*h + 5*d - 500, 0 = -4*d + 13 + 7. What is the tens digit of h?
9
Suppose 2 + 2 = 4*a - 4*m, -7 = -a - 5*m. Suppose x - 4 = 0, -2*k - x + a + 0 = 0. What is the tens digit of (3 + (k - (-21)/(-9)))*-147?
4
Let d = 15752 - 9915. What is the hundreds digit of d?
8
Let j(x) = -163*x + 1941. What is the tens digit of j(-72)?
7
Let l(t) = t**2 + 2*t + 5. Let p be l(-4). Suppose 3620 = -p*h + 18*h. What is the hundreds digit of h?
7
Let x be (-40901)/(-35) - (-6)/15. Let o = -2329 + x. What is the tens digit of (o/32)/(10/(-8) + 1)?
4
Let x be (-20)/(-11) - (-4 - 504/(-132)). Suppose -r + 1831 = -x*m, -14*m + 18*m = r - 1835. What is the units digit of r?
7
Suppose -42 = -8*o + 2*o. Let h(d) = 7*d**2 + d - 4. Let r be h(-3). Let w = o + r. What is the units digit of w?
3
Suppose -k + 73*p + 20 = 77*p, -4*p = -20. Suppose k*n + 1522 = 3*f + 2*n, -2*f + 983 = -5*n. What is the units digit of f?
4
Let j(k) be the first derivative of k**3/3 - 2*k**2 - 273*k - 261. What is the units digit of j(42)?
3
Let r be 2/(-7) + 564/(-329). Let l(q) be the third derivative of -7*q**6/60 - q**5/15 - 5*q**4/24 - q**3/3 - 2*q**2. What is the hundreds digit of l(r)?
1
Let m = 11032 + -1515. What is the thousands digit of m?
9
Let v(b) = 14*b**3 - 18*b**2 + 25*b - 162. What is the thousands digit of v(9)?
8
Suppose -2*v - 22 = -3*o + 3*v, 2*o - 10 = v. Suppose 5*q + 2*t = -526, 416 = -o*q - 0*t - 4*t. Let m = q + 180. What is the units digit of m?
4
Let h be (1 + -1)/(-31 + 30). Suppose 0*u + 4 = -2*u. What is the units digit of 98 + 0 + (u - h/5)?
6
Suppose -2409 = -31*p + 2861. What is the hundreds digit of p?
1
Suppose -u - 4*u + 27 = 3*x, -3*x + 12 = 0. Let a(w) be the first derivative of 16*w**2 - 3*w - 3. What is the units digit of a(u)?
3
What is the units digit of (-11346208)/(-272)*(-1)/(-2)?
7
Suppose 0 = 2*u - u - 2. Suppose a - m = 3*m + 34, -u*a = -m - 68. Suppose 3 - 13 = -y + 4*b, 4*b - a = -y. What is the tens digit of y?
2
Let z(i) be the third derivative of i**5/10 - 4*i**3/3 - 2*i**2 - 12*i. What is the hundreds digit of z(-5)?
1
Suppose -4*b - 2*i + 7 = -3*i, -2*i = 4*b - 10. Suppose -b*h - 690 = -17*h. Suppose 47*y = h*y + 164. What is the tens digit of y?
6
Let g(d) = -1024*d + 1329. What is the ten thousands digit of g(-9)?
1
Let r = 1171 - 367. Suppose -6*b - 2*z = -4*b - r, b + 4*z = 411. Suppose -2*i + 393 = 3*o - 5*i, 3*o - i = b. What is the hundreds digit of o?
1
Let b be 12/(-21) + (25/7 - -2). Suppose 2*k - 1972 = -5*r, 0*k - 5*k + b = 0. What is the hundreds digit of r?
3
Let t(n) = 506*n + 408. What is the units digit of t(11)?
4
Let b = 172 - 194. What is the units digit of (-3854)/b - (-24)/(-132)?
5
Suppose -3*o + 320874 - 79333 = 4*q, -4*q - 241597 = -3*o. What is the ten thousands digit of o?
8
Suppose 2*x + 2*q - 4*q - 10 = 0, -25 = -3*x - 2*q. Suppose -950 = -x*a + 2*a. Suppose 3*z + 98 = -0*p + p, 0 = -2*p + 4*z + a. What is the tens digit of p?
8
Let r = -8137 - -21632. What is the tens digit of r?
9
Let k(g) = 3*g**2 + 27*g + 103. What is the hundreds digit of k(-15)?
3
Suppose -41*f - 652 = -39*f. Let m = -18 - f. What is the units digit of m?
8
Let u be 2632488/90 + (-4)/(-30). What is the te